{"id":54977,"date":"2026-03-13T11:22:39","date_gmt":"2026-03-13T15:22:39","guid":{"rendered":"https:\/\/www.wes.org\/?post_type=wes_fund_grantees&#038;p=54977"},"modified":"2026-03-13T11:22:42","modified_gmt":"2026-03-13T15:22:42","slug":"immigrant-alliance-for-justice-equity","status":"publish","type":"wes_fund_grantees","link":"https:\/\/www.wes.org\/fr\/resource-library\/blog\/fund\/grantee\/immigrant-alliance-for-justice-equity\/","title":{"rendered":"Immigrant Alliance for Justice &amp; Equity"},"content":{"rendered":"","protected":false},"featured_media":0,"template":"","grant_category":[],"class_list":["post-54977","wes_fund_grantees","type-wes_fund_grantees","status-publish","hentry"],"better_featured_image":null,"acf":{"article_image":false,"slider_image":false,"grant_category":"","grant_amount":"","grant_term":"","grant_focus":"","status":"current","logo":false,"attributes":"default","attr_location":"Jackson, Mississippi","attr_organization":"<p><strong>Subvention \u2013 Soutien op\u00e9rationnel g\u00e9n\u00e9ral<\/strong><\/p>\n<p>L\u2019Alliance des Immigrants pour la Justice et l\u2019\u00c9quit\u00e9 (IAJE) investit dans le renforcement des capacit\u00e9s des communaut\u00e9s immigrantes latinx et autochtones de la classe ouvri\u00e8re du Mississippi gr\u00e2ce \u00e0 l\u2019autonomisation \u00e9conomique et \u00e0 la d\u00e9fense de la justice sociale. IAJE a pour objectif de cr\u00e9er des politiques \u00e9quitables sur le plan racial, durables sur le plan environnemental, justes d\u2019un point de vue \u00e9conomique, adapt\u00e9es culturellement et justes pour changer la vie des communaut\u00e9s d\u2019immigrants latino-am\u00e9ricains et autochtones issus de la classe ouvri\u00e8re du Mississippi.<br \/>\nLeur initiative, Nuestro Mississippi, rassemble des leaders communautaires, des artistes, des propri\u00e9taires d\u2019entreprises et des membres d\u2019organisations pour participer \u00e0 des initiatives artistiques et d\u2019engagement civique qui remettent en question les r\u00e9cits dominants sur les immigrants.<\/p>\n","attr_website":"https:\/\/iaje.us\/","attr_amount":"100 000 $","attr_issue_area":"","attr_term":"01\/10\/2024"},"yoast_head":"<!-- This site is optimized with the Yoast SEO Premium plugin v26.2 (Yoast SEO v27.5) - https:\/\/yoast.com\/product\/yoast-seo-premium-wordpress\/ -->\n<title>Immigrant Alliance for Justice &amp; Equity - WES<\/title>\n<meta name=\"robots\" content=\"index, follow, max-snippet:-1, max-image-preview:large, max-video-preview:-1\" \/>\n<link rel=\"canonical\" href=\"https:\/\/www.wes.org\/fr\/resource-library\/blog\/fund\/grantee\/immigrant-alliance-for-justice-equity\/\" \/>\n<meta property=\"og:locale\" content=\"fr_FR\" \/>\n<meta property=\"og:type\" content=\"article\" \/>\n<meta property=\"og:title\" content=\"Immigrant Alliance for Justice &amp; Equity\" \/>\n<meta property=\"og:url\" content=\"https:\/\/www.wes.org\/fr\/resource-library\/blog\/fund\/grantee\/immigrant-alliance-for-justice-equity\/\" \/>\n<meta property=\"og:site_name\" content=\"WES\" \/>\n<meta property=\"article:publisher\" content=\"https:\/\/www.facebook.com\/WorldEducationServices\/\" \/>\n<meta property=\"article:modified_time\" content=\"2026-03-13T15:22:42+00:00\" \/>\n<meta name=\"twitter:card\" content=\"summary_large_image\" \/>\n<meta name=\"twitter:site\" content=\"@WorldEdServices\" \/>\n<script type=\"application\/ld+json\" class=\"yoast-schema-graph\">{\"@context\":\"https:\\\/\\\/schema.org\",\"@graph\":[{\"@type\":\"WebPage\",\"@id\":\"https:\\\/\\\/www.wes.org\\\/fr\\\/resource-library\\\/blog\\\/fund\\\/grantee\\\/immigrant-alliance-for-justice-equity\\\/\",\"url\":\"https:\\\/\\\/www.wes.org\\\/fr\\\/resource-library\\\/blog\\\/fund\\\/grantee\\\/immigrant-alliance-for-justice-equity\\\/\",\"name\":\"Immigrant Alliance for Justice &amp; Equity - WES\",\"isPartOf\":{\"@id\":\"https:\\\/\\\/www.wes.org\\\/fr\\\/#website\"},\"datePublished\":\"2026-03-13T15:22:39+00:00\",\"dateModified\":\"2026-03-13T15:22:42+00:00\",\"breadcrumb\":{\"@id\":\"https:\\\/\\\/www.wes.org\\\/fr\\\/resource-library\\\/blog\\\/fund\\\/grantee\\\/immigrant-alliance-for-justice-equity\\\/#breadcrumb\"},\"inLanguage\":\"fr-FR\",\"potentialAction\":[{\"@type\":\"ReadAction\",\"target\":[\"https:\\\/\\\/www.wes.org\\\/fr\\\/resource-library\\\/blog\\\/fund\\\/grantee\\\/immigrant-alliance-for-justice-equity\\\/\"]}]},{\"@type\":\"BreadcrumbList\",\"@id\":\"https:\\\/\\\/www.wes.org\\\/fr\\\/resource-library\\\/blog\\\/fund\\\/grantee\\\/immigrant-alliance-for-justice-equity\\\/#breadcrumb\",\"itemListElement\":[{\"@type\":\"ListItem\",\"position\":1,\"name\":\"Home\",\"item\":\"https:\\\/\\\/www.wes.org\\\/fr\\\/\"},{\"@type\":\"ListItem\",\"position\":2,\"name\":\"Immigrant Alliance for Justice &amp; Equity\"}]},{\"@type\":\"WebSite\",\"@id\":\"https:\\\/\\\/www.wes.org\\\/fr\\\/#website\",\"url\":\"https:\\\/\\\/www.wes.org\\\/fr\\\/\",\"name\":\"World Education Services\",\"description\":\"\",\"publisher\":{\"@id\":\"https:\\\/\\\/www.wes.org\\\/fr\\\/#organization\"},\"potentialAction\":[{\"@type\":\"SearchAction\",\"target\":{\"@type\":\"EntryPoint\",\"urlTemplate\":\"https:\\\/\\\/www.wes.org\\\/fr\\\/?s={search_term_string}\"},\"query-input\":{\"@type\":\"PropertyValueSpecification\",\"valueRequired\":true,\"valueName\":\"search_term_string\"}}],\"inLanguage\":\"fr-FR\"},{\"@type\":\"Organization\",\"@id\":\"https:\\\/\\\/www.wes.org\\\/fr\\\/#organization\",\"name\":\"World Education Services\",\"url\":\"https:\\\/\\\/www.wes.org\\\/fr\\\/\",\"logo\":{\"@type\":\"ImageObject\",\"inLanguage\":\"fr-FR\",\"@id\":\"https:\\\/\\\/www.wes.org\\\/fr\\\/#\\\/schema\\\/logo\\\/image\\\/\",\"url\":\"https:\\\/\\\/www.wes.org\\\/wp-content\\\/uploads\\\/2024\\\/07\\\/cropped-cropped-WES_Logo_RGB-Primary_Green-Clearspace-e1719869905447.png\",\"contentUrl\":\"https:\\\/\\\/www.wes.org\\\/wp-content\\\/uploads\\\/2024\\\/07\\\/cropped-cropped-WES_Logo_RGB-Primary_Green-Clearspace-e1719869905447.png\",\"width\":512,\"height\":512,\"caption\":\"World Education Services\"},\"image\":{\"@id\":\"https:\\\/\\\/www.wes.org\\\/fr\\\/#\\\/schema\\\/logo\\\/image\\\/\"},\"sameAs\":[\"https:\\\/\\\/www.facebook.com\\\/WorldEducationServices\\\/\",\"https:\\\/\\\/x.com\\\/WorldEdServices\",\"https:\\\/\\\/www.linkedin.com\\\/company\\\/worldeducationservices\\\/\"]}]}<\/script>\n<!-- \/ Yoast SEO Premium plugin. -->","yoast_head_json":{"title":"Immigrant Alliance for Justice &amp; Equity - WES","robots":{"index":"index","follow":"follow","max-snippet":"max-snippet:-1","max-image-preview":"max-image-preview:large","max-video-preview":"max-video-preview:-1"},"canonical":"https:\/\/www.wes.org\/fr\/resource-library\/blog\/fund\/grantee\/immigrant-alliance-for-justice-equity\/","og_locale":"fr_FR","og_type":"article","og_title":"Immigrant Alliance for Justice &amp; Equity","og_url":"https:\/\/www.wes.org\/fr\/resource-library\/blog\/fund\/grantee\/immigrant-alliance-for-justice-equity\/","og_site_name":"WES","article_publisher":"https:\/\/www.facebook.com\/WorldEducationServices\/","article_modified_time":"2026-03-13T15:22:42+00:00","twitter_card":"summary_large_image","twitter_site":"@WorldEdServices","schema":{"@context":"https:\/\/schema.org","@graph":[{"@type":"WebPage","@id":"https:\/\/www.wes.org\/fr\/resource-library\/blog\/fund\/grantee\/immigrant-alliance-for-justice-equity\/","url":"https:\/\/www.wes.org\/fr\/resource-library\/blog\/fund\/grantee\/immigrant-alliance-for-justice-equity\/","name":"Immigrant Alliance for Justice &amp; Equity - WES","isPartOf":{"@id":"https:\/\/www.wes.org\/fr\/#website"},"datePublished":"2026-03-13T15:22:39+00:00","dateModified":"2026-03-13T15:22:42+00:00","breadcrumb":{"@id":"https:\/\/www.wes.org\/fr\/resource-library\/blog\/fund\/grantee\/immigrant-alliance-for-justice-equity\/#breadcrumb"},"inLanguage":"fr-FR","potentialAction":[{"@type":"ReadAction","target":["https:\/\/www.wes.org\/fr\/resource-library\/blog\/fund\/grantee\/immigrant-alliance-for-justice-equity\/"]}]},{"@type":"BreadcrumbList","@id":"https:\/\/www.wes.org\/fr\/resource-library\/blog\/fund\/grantee\/immigrant-alliance-for-justice-equity\/#breadcrumb","itemListElement":[{"@type":"ListItem","position":1,"name":"Home","item":"https:\/\/www.wes.org\/fr\/"},{"@type":"ListItem","position":2,"name":"Immigrant Alliance for Justice &amp; Equity"}]},{"@type":"WebSite","@id":"https:\/\/www.wes.org\/fr\/#website","url":"https:\/\/www.wes.org\/fr\/","name":"World Education Services","description":"","publisher":{"@id":"https:\/\/www.wes.org\/fr\/#organization"},"potentialAction":[{"@type":"SearchAction","target":{"@type":"EntryPoint","urlTemplate":"https:\/\/www.wes.org\/fr\/?s={search_term_string}"},"query-input":{"@type":"PropertyValueSpecification","valueRequired":true,"valueName":"search_term_string"}}],"inLanguage":"fr-FR"},{"@type":"Organization","@id":"https:\/\/www.wes.org\/fr\/#organization","name":"World Education Services","url":"https:\/\/www.wes.org\/fr\/","logo":{"@type":"ImageObject","inLanguage":"fr-FR","@id":"https:\/\/www.wes.org\/fr\/#\/schema\/logo\/image\/","url":"https:\/\/www.wes.org\/wp-content\/uploads\/2024\/07\/cropped-cropped-WES_Logo_RGB-Primary_Green-Clearspace-e1719869905447.png","contentUrl":"https:\/\/www.wes.org\/wp-content\/uploads\/2024\/07\/cropped-cropped-WES_Logo_RGB-Primary_Green-Clearspace-e1719869905447.png","width":512,"height":512,"caption":"World Education Services"},"image":{"@id":"https:\/\/www.wes.org\/fr\/#\/schema\/logo\/image\/"},"sameAs":["https:\/\/www.facebook.com\/WorldEducationServices\/","https:\/\/x.com\/WorldEdServices","https:\/\/www.linkedin.com\/company\/worldeducationservices\/"]}]}},"wpml_current_locale":"fr_FR","wpml_translations":[],"_links":{"self":[{"href":"https:\/\/www.wes.org\/fr\/wp-json\/wp\/v2\/fund\/54977","targetHints":{"allow":["GET"]}}],"collection":[{"href":"https:\/\/www.wes.org\/fr\/wp-json\/wp\/v2\/fund"}],"about":[{"href":"https:\/\/www.wes.org\/fr\/wp-json\/wp\/v2\/types\/wes_fund_grantees"}],"wp:attachment":[{"href":"https:\/\/www.wes.org\/fr\/wp-json\/wp\/v2\/media?parent=54977"}],"wp:term":[{"taxonomy":"grant_category","embeddable":true,"href":"https:\/\/www.wes.org\/fr\/wp-json\/wp\/v2\/grant_category?post=54977"}],"curies":[{"name":"wp","href":"https:\/\/api.w.org\/{rel}","templated":true}]}}

<p><strong>Subvention – Soutien opérationnel général</strong></p>
<p>L’Alliance des Immigrants pour la Justice et l’Équité (IAJE) investit dans le renforcement des capacités des communautés immigrantes latinx et autochtones de la classe ouvrière du Mississippi grâce à l’autonomisation économique et à la défense de la justice sociale. IAJE a pour objectif de créer des politiques équitables sur le plan racial, durables sur le plan environnemental, justes d’un point de vue économique, adaptées culturellement et justes pour changer la vie des communautés d’immigrants latino-américains et autochtones issus de la classe ouvrière du Mississippi.<br />
Leur initiative, Nuestro Mississippi, rassemble des leaders communautaires, des artistes, des propriétaires d’entreprises et des membres d’organisations pour participer à des initiatives artistiques et d’engagement civique qui remettent en question les récits dominants sur les immigrants.</p>
