{"id":54964,"date":"2026-03-12T16:58:55","date_gmt":"2026-03-12T20:58:55","guid":{"rendered":"https:\/\/www.wes.org\/?post_type=wes_fund_grantees&#038;p=54964"},"modified":"2026-03-12T16:58:59","modified_gmt":"2026-03-12T20:58:59","slug":"inclusive-action-for-the-city-2","status":"publish","type":"wes_fund_grantees","link":"https:\/\/www.wes.org\/fr\/resource-library\/blog\/fund\/grantee\/inclusive-action-for-the-city-2\/","title":{"rendered":"Inclusive Action for the City"},"content":{"rendered":"","protected":false},"featured_media":0,"template":"","grant_category":[],"class_list":["post-54964","wes_fund_grantees","type-wes_fund_grantees","status-publish","hentry"],"better_featured_image":null,"acf":{"article_image":false,"slider_image":false,"grant_category":"","grant_amount":"","grant_term":"","grant_focus":"","status":"current","logo":34871,"attributes":"default","attr_location":"Los Angeles, Californie, \u00c9tats-Unis","attr_organization":"<p><strong>Subvention \u2013 Soutien op\u00e9rationnel g\u00e9n\u00e9ral<\/strong><\/p>\n<p>Inclusive Action for the City s\u2019attaque aux causes profondes de la pauvret\u00e9 en combinant de bonnes politiques urbaines \u00e0 des initiatives de d\u00e9veloppement \u00e9conomique solides qui r\u00e9duisent les obstacles, augmentent les opportunit\u00e9s, renforcent les \u00e9conomies locales et autonomisent les r\u00e9sidents et entrepreneurs \u00e0 faibles revenus.<br \/>\nInclusive Action \u00e9tend son programme de pr\u00eat pour faire parvenir davantage de capital aux entrepreneurs immigr\u00e9s \u00e0 faibles revenus, promouvoir des politiques locales et \u00e9tatiques qui prot\u00e8gent les entrepreneurs contre les pratiques pr\u00e9datrices et favorisent des opportunit\u00e9s de bien-\u00eatre financier et de constitution d\u2019actifs.<\/p>\n","attr_website":"inclusiveaction.org","attr_amount":"125 000 $ US","attr_issue_area":"","attr_term":"01\/01\/25"},"yoast_head":"<!-- This site is optimized with the Yoast SEO Premium plugin v26.2 (Yoast SEO v27.5) - https:\/\/yoast.com\/product\/yoast-seo-premium-wordpress\/ -->\n<title>Inclusive Action for the City - WES<\/title>\n<meta name=\"robots\" content=\"index, follow, max-snippet:-1, max-image-preview:large, max-video-preview:-1\" \/>\n<link rel=\"canonical\" href=\"https:\/\/www.wes.org\/fr\/resource-library\/blog\/fund\/grantee\/inclusive-action-for-the-city-2\/\" \/>\n<meta property=\"og:locale\" content=\"fr_FR\" \/>\n<meta property=\"og:type\" content=\"article\" \/>\n<meta property=\"og:title\" content=\"Inclusive Action for the City\" \/>\n<meta property=\"og:url\" content=\"https:\/\/www.wes.org\/fr\/resource-library\/blog\/fund\/grantee\/inclusive-action-for-the-city-2\/\" \/>\n<meta property=\"og:site_name\" content=\"WES\" \/>\n<meta property=\"article:publisher\" content=\"https:\/\/www.facebook.com\/WorldEducationServices\/\" \/>\n<meta property=\"article:modified_time\" content=\"2026-03-12T20:58:59+00:00\" \/>\n<meta name=\"twitter:card\" content=\"summary_large_image\" \/>\n<meta name=\"twitter:site\" content=\"@WorldEdServices\" \/>\n<script type=\"application\/ld+json\" class=\"yoast-schema-graph\">{\"@context\":\"https:\\\/\\\/schema.org\",\"@graph\":[{\"@type\":\"WebPage\",\"@id\":\"https:\\\/\\\/www.wes.org\\\/fr\\\/resource-library\\\/blog\\\/fund\\\/grantee\\\/inclusive-action-for-the-city-2\\\/\",\"url\":\"https:\\\/\\\/www.wes.org\\\/fr\\\/resource-library\\\/blog\\\/fund\\\/grantee\\\/inclusive-action-for-the-city-2\\\/\",\"name\":\"Inclusive Action for the City - WES\",\"isPartOf\":{\"@id\":\"https:\\\/\\\/www.wes.org\\\/fr\\\/#website\"},\"datePublished\":\"2026-03-12T20:58:55+00:00\",\"dateModified\":\"2026-03-12T20:58:59+00:00\",\"breadcrumb\":{\"@id\":\"https:\\\/\\\/www.wes.org\\\/fr\\\/resource-library\\\/blog\\\/fund\\\/grantee\\\/inclusive-action-for-the-city-2\\\/#breadcrumb\"},\"inLanguage\":\"fr-FR\",\"potentialAction\":[{\"@type\":\"ReadAction\",\"target\":[\"https:\\\/\\\/www.wes.org\\\/fr\\\/resource-library\\\/blog\\\/fund\\\/grantee\\\/inclusive-action-for-the-city-2\\\/\"]}]},{\"@type\":\"BreadcrumbList\",\"@id\":\"https:\\\/\\\/www.wes.org\\\/fr\\\/resource-library\\\/blog\\\/fund\\\/grantee\\\/inclusive-action-for-the-city-2\\\/#breadcrumb\",\"itemListElement\":[{\"@type\":\"ListItem\",\"position\":1,\"name\":\"Home\",\"item\":\"https:\\\/\\\/www.wes.org\\\/fr\\\/\"},{\"@type\":\"ListItem\",\"position\":2,\"name\":\"Inclusive Action for the City\"}]},{\"@type\":\"WebSite\",\"@id\":\"https:\\\/\\\/www.wes.org\\\/fr\\\/#website\",\"url\":\"https:\\\/\\\/www.wes.org\\\/fr\\\/\",\"name\":\"World Education Services\",\"description\":\"\",\"publisher\":{\"@id\":\"https:\\\/\\\/www.wes.org\\\/fr\\\/#organization\"},\"potentialAction\":[{\"@type\":\"SearchAction\",\"target\":{\"@type\":\"EntryPoint\",\"urlTemplate\":\"https:\\\/\\\/www.wes.org\\\/fr\\\/?s={search_term_string}\"},\"query-input\":{\"@type\":\"PropertyValueSpecification\",\"valueRequired\":true,\"valueName\":\"search_term_string\"}}],\"inLanguage\":\"fr-FR\"},{\"@type\":\"Organization\",\"@id\":\"https:\\\/\\\/www.wes.org\\\/fr\\\/#organization\",\"name\":\"World Education Services\",\"url\":\"https:\\\/\\\/www.wes.org\\\/fr\\\/\",\"logo\":{\"@type\":\"ImageObject\",\"inLanguage\":\"fr-FR\",\"@id\":\"https:\\\/\\\/www.wes.org\\\/fr\\\/#\\\/schema\\\/logo\\\/image\\\/\",\"url\":\"https:\\\/\\\/www.wes.org\\\/wp-content\\\/uploads\\\/2024\\\/07\\\/cropped-cropped-WES_Logo_RGB-Primary_Green-Clearspace-e1719869905447.png\",\"contentUrl\":\"https:\\\/\\\/www.wes.org\\\/wp-content\\\/uploads\\\/2024\\\/07\\\/cropped-cropped-WES_Logo_RGB-Primary_Green-Clearspace-e1719869905447.png\",\"width\":512,\"height\":512,\"caption\":\"World Education Services\"},\"image\":{\"@id\":\"https:\\\/\\\/www.wes.org\\\/fr\\\/#\\\/schema\\\/logo\\\/image\\\/\"},\"sameAs\":[\"https:\\\/\\\/www.facebook.com\\\/WorldEducationServices\\\/\",\"https:\\\/\\\/x.com\\\/WorldEdServices\",\"https:\\\/\\\/www.linkedin.com\\\/company\\\/worldeducationservices\\\/\"]}]}<\/script>\n<!-- \/ Yoast SEO Premium plugin. -->","yoast_head_json":{"title":"Inclusive Action for the City - WES","robots":{"index":"index","follow":"follow","max-snippet":"max-snippet:-1","max-image-preview":"max-image-preview:large","max-video-preview":"max-video-preview:-1"},"canonical":"https:\/\/www.wes.org\/fr\/resource-library\/blog\/fund\/grantee\/inclusive-action-for-the-city-2\/","og_locale":"fr_FR","og_type":"article","og_title":"Inclusive Action for the City","og_url":"https:\/\/www.wes.org\/fr\/resource-library\/blog\/fund\/grantee\/inclusive-action-for-the-city-2\/","og_site_name":"WES","article_publisher":"https:\/\/www.facebook.com\/WorldEducationServices\/","article_modified_time":"2026-03-12T20:58:59+00:00","twitter_card":"summary_large_image","twitter_site":"@WorldEdServices","schema":{"@context":"https:\/\/schema.org","@graph":[{"@type":"WebPage","@id":"https:\/\/www.wes.org\/fr\/resource-library\/blog\/fund\/grantee\/inclusive-action-for-the-city-2\/","url":"https:\/\/www.wes.org\/fr\/resource-library\/blog\/fund\/grantee\/inclusive-action-for-the-city-2\/","name":"Inclusive Action for the City - WES","isPartOf":{"@id":"https:\/\/www.wes.org\/fr\/#website"},"datePublished":"2026-03-12T20:58:55+00:00","dateModified":"2026-03-12T20:58:59+00:00","breadcrumb":{"@id":"https:\/\/www.wes.org\/fr\/resource-library\/blog\/fund\/grantee\/inclusive-action-for-the-city-2\/#breadcrumb"},"inLanguage":"fr-FR","potentialAction":[{"@type":"ReadAction","target":["https:\/\/www.wes.org\/fr\/resource-library\/blog\/fund\/grantee\/inclusive-action-for-the-city-2\/"]}]},{"@type":"BreadcrumbList","@id":"https:\/\/www.wes.org\/fr\/resource-library\/blog\/fund\/grantee\/inclusive-action-for-the-city-2\/#breadcrumb","itemListElement":[{"@type":"ListItem","position":1,"name":"Home","item":"https:\/\/www.wes.org\/fr\/"},{"@type":"ListItem","position":2,"name":"Inclusive Action for the City"}]},{"@type":"WebSite","@id":"https:\/\/www.wes.org\/fr\/#website","url":"https:\/\/www.wes.org\/fr\/","name":"World Education Services","description":"","publisher":{"@id":"https:\/\/www.wes.org\/fr\/#organization"},"potentialAction":[{"@type":"SearchAction","target":{"@type":"EntryPoint","urlTemplate":"https:\/\/www.wes.org\/fr\/?s={search_term_string}"},"query-input":{"@type":"PropertyValueSpecification","valueRequired":true,"valueName":"search_term_string"}}],"inLanguage":"fr-FR"},{"@type":"Organization","@id":"https:\/\/www.wes.org\/fr\/#organization","name":"World Education Services","url":"https:\/\/www.wes.org\/fr\/","logo":{"@type":"ImageObject","inLanguage":"fr-FR","@id":"https:\/\/www.wes.org\/fr\/#\/schema\/logo\/image\/","url":"https:\/\/www.wes.org\/wp-content\/uploads\/2024\/07\/cropped-cropped-WES_Logo_RGB-Primary_Green-Clearspace-e1719869905447.png","contentUrl":"https:\/\/www.wes.org\/wp-content\/uploads\/2024\/07\/cropped-cropped-WES_Logo_RGB-Primary_Green-Clearspace-e1719869905447.png","width":512,"height":512,"caption":"World Education Services"},"image":{"@id":"https:\/\/www.wes.org\/fr\/#\/schema\/logo\/image\/"},"sameAs":["https:\/\/www.facebook.com\/WorldEducationServices\/","https:\/\/x.com\/WorldEdServices","https:\/\/www.linkedin.com\/company\/worldeducationservices\/"]}]}},"wpml_current_locale":"fr_FR","wpml_translations":[],"_links":{"self":[{"href":"https:\/\/www.wes.org\/fr\/wp-json\/wp\/v2\/fund\/54964","targetHints":{"allow":["GET"]}}],"collection":[{"href":"https:\/\/www.wes.org\/fr\/wp-json\/wp\/v2\/fund"}],"about":[{"href":"https:\/\/www.wes.org\/fr\/wp-json\/wp\/v2\/types\/wes_fund_grantees"}],"wp:attachment":[{"href":"https:\/\/www.wes.org\/fr\/wp-json\/wp\/v2\/media?parent=54964"}],"wp:term":[{"taxonomy":"grant_category","embeddable":true,"href":"https:\/\/www.wes.org\/fr\/wp-json\/wp\/v2\/grant_category?post=54964"}],"curies":[{"name":"wp","href":"https:\/\/api.w.org\/{rel}","templated":true}]}}

Los Angeles, Californie, États-Unis

<p><strong>Subvention – Soutien opérationnel général</strong></p>
<p>Inclusive Action for the City s’attaque aux causes profondes de la pauvreté en combinant de bonnes politiques urbaines à des initiatives de développement économique solides qui réduisent les obstacles, augmentent les opportunités, renforcent les économies locales et autonomisent les résidents et entrepreneurs à faibles revenus.<br />
Inclusive Action étend son programme de prêt pour faire parvenir davantage de capital aux entrepreneurs immigrés à faibles revenus, promouvoir des politiques locales et étatiques qui protègent les entrepreneurs contre les pratiques prédatrices et favorisent des opportunités de bien-être financier et de constitution d’actifs.</p>
