{"id":49618,"date":"2025-05-01T09:40:53","date_gmt":"2025-05-01T13:40:53","guid":{"rendered":"https:\/\/www.wes.org\/fund\/grantee\/workforce-matters\/"},"modified":"2025-05-01T09:40:53","modified_gmt":"2025-05-01T13:40:53","slug":"workforce-matters","status":"publish","type":"wes_fund_grantees","link":"https:\/\/www.wes.org\/fr\/resource-library\/blog\/fund\/grantee\/workforce-matters\/","title":{"rendered":"Workforce Matters"},"content":{"rendered":"","protected":false},"featured_media":0,"template":"","grant_category":[],"class_list":["post-49618","wes_fund_grantees","type-wes_fund_grantees","status-publish","hentry"],"better_featured_image":null,"acf":{"status":"current","logo":35126,"attributes":"default","attr_location":"Massachusetts, \u00c9tats-Unis","attr_term":"Janvier\u00a02024","attr_organization":"<p><strong>Subvention &#8211; Soutien \u00e0 des projets<\/strong><\/p>\n<p>Workforce Matters est un r\u00e9seau national de bailleurs de fonds qui s\u2019appuie sur les connaissances d\u2019experts et de professionnels pour renforcer de mani\u00e8re collaborative la philanthropie en faveur du d\u00e9veloppement de la main-d\u2019\u0153uvre, afin de permettre aux travailleurs, aux apprenants et aux demandeurs d\u2019emploi de r\u00e9aliser leur plein potentiel, de d\u00e9manteler les in\u00e9galit\u00e9s fond\u00e9es sur la race, le sexe, les capacit\u00e9s et d\u2019autres caract\u00e9ristiques individuelles, et de promouvoir l\u2019\u00e9galit\u00e9 en mati\u00e8re d\u2019\u00e9ducation et d\u2019emploi pour les jeunes et les adultes.<\/p>\n<p>Cette subvention s\u2019inscrit dans le prolongement du premier cycle de subventions du Fonds pour l\u2019\u00e9quit\u00e9 en mati\u00e8re d\u2019emploi de Workforce Matters en\u00a02022, un fonds commun constitu\u00e9 par diverses organisations philanthropiques afin d\u2019octroyer 1\u00a0million de dollars \u00e0 15\u00a0organisations \u00e0 travers le pays. Ces organisations ont \u00e9t\u00e9 s\u00e9lectionn\u00e9es pour mener des projets pilotes ou \u00e9tendre leurs efforts visant \u00e0 impliquer v\u00e9ritablement les travailleurs et les apprenants issus des minorit\u00e9s ethniques dans la conception et la mise en \u0153uvre de programmes et de politiques en mati\u00e8re de main-d\u2019\u0153uvre. Workforce Matters pr\u00e9voit d\u2019octroyer une deuxi\u00e8me s\u00e9rie de subventions par l\u2019interm\u00e9diaire du Fonds pour l\u2019\u00e9quit\u00e9 en mati\u00e8re d\u2019emploi en\u00a02024.<\/p>\n","attr_website":"workforce-equity.org\/","attr_amount":"100\u00a0000\u00a0USD"},"yoast_head":"<!-- This site is optimized with the Yoast SEO Premium plugin v26.2 (Yoast SEO v27.5) - https:\/\/yoast.com\/product\/yoast-seo-premium-wordpress\/ -->\n<title>Workforce Matters - WES<\/title>\n<meta name=\"robots\" content=\"index, follow, max-snippet:-1, max-image-preview:large, max-video-preview:-1\" \/>\n<link rel=\"canonical\" href=\"https:\/\/www.wes.org\/fr\/resource-library\/blog\/fund\/grantee\/workforce-matters\/\" \/>\n<meta property=\"og:locale\" content=\"fr_FR\" \/>\n<meta property=\"og:type\" content=\"article\" \/>\n<meta property=\"og:title\" content=\"Workforce Matters\" \/>\n<meta property=\"og:url\" content=\"https:\/\/www.wes.org\/fr\/resource-library\/blog\/fund\/grantee\/workforce-matters\/\" \/>\n<meta property=\"og:site_name\" content=\"WES\" \/>\n<meta property=\"article:publisher\" content=\"https:\/\/www.facebook.com\/WorldEducationServices\/\" \/>\n<meta name=\"twitter:card\" content=\"summary_large_image\" \/>\n<meta name=\"twitter:site\" content=\"@WorldEdServices\" \/>\n<script type=\"application\/ld+json\" class=\"yoast-schema-graph\">{\"@context\":\"https:\\\/\\\/schema.org\",\"@graph\":[{\"@type\":\"WebPage\",\"@id\":\"https:\\\/\\\/www.wes.org\\\/fr\\\/resource-library\\\/blog\\\/fund\\\/grantee\\\/workforce-matters\\\/\",\"url\":\"https:\\\/\\\/www.wes.org\\\/fr\\\/resource-library\\\/blog\\\/fund\\\/grantee\\\/workforce-matters\\\/\",\"name\":\"Workforce Matters - WES\",\"isPartOf\":{\"@id\":\"https:\\\/\\\/www.wes.org\\\/fr\\\/#website\"},\"datePublished\":\"2025-05-01T13:40:53+00:00\",\"breadcrumb\":{\"@id\":\"https:\\\/\\\/www.wes.org\\\/fr\\\/resource-library\\\/blog\\\/fund\\\/grantee\\\/workforce-matters\\\/#breadcrumb\"},\"inLanguage\":\"fr-FR\",\"potentialAction\":[{\"@type\":\"ReadAction\",\"target\":[\"https:\\\/\\\/www.wes.org\\\/fr\\\/resource-library\\\/blog\\\/fund\\\/grantee\\\/workforce-matters\\\/\"]}]},{\"@type\":\"BreadcrumbList\",\"@id\":\"https:\\\/\\\/www.wes.org\\\/fr\\\/resource-library\\\/blog\\\/fund\\\/grantee\\\/workforce-matters\\\/#breadcrumb\",\"itemListElement\":[{\"@type\":\"ListItem\",\"position\":1,\"name\":\"Home\",\"item\":\"https:\\\/\\\/www.wes.org\\\/fr\\\/\"},{\"@type\":\"ListItem\",\"position\":2,\"name\":\"Workforce Matters\"}]},{\"@type\":\"WebSite\",\"@id\":\"https:\\\/\\\/www.wes.org\\\/fr\\\/#website\",\"url\":\"https:\\\/\\\/www.wes.org\\\/fr\\\/\",\"name\":\"World Education Services\",\"description\":\"\",\"publisher\":{\"@id\":\"https:\\\/\\\/www.wes.org\\\/fr\\\/#organization\"},\"potentialAction\":[{\"@type\":\"SearchAction\",\"target\":{\"@type\":\"EntryPoint\",\"urlTemplate\":\"https:\\\/\\\/www.wes.org\\\/fr\\\/?s={search_term_string}\"},\"query-input\":{\"@type\":\"PropertyValueSpecification\",\"valueRequired\":true,\"valueName\":\"search_term_string\"}}],\"inLanguage\":\"fr-FR\"},{\"@type\":\"Organization\",\"@id\":\"https:\\\/\\\/www.wes.org\\\/fr\\\/#organization\",\"name\":\"World Education Services\",\"url\":\"https:\\\/\\\/www.wes.org\\\/fr\\\/\",\"logo\":{\"@type\":\"ImageObject\",\"inLanguage\":\"fr-FR\",\"@id\":\"https:\\\/\\\/www.wes.org\\\/fr\\\/#\\\/schema\\\/logo\\\/image\\\/\",\"url\":\"https:\\\/\\\/www.wes.org\\\/wp-content\\\/uploads\\\/2024\\\/07\\\/cropped-cropped-WES_Logo_RGB-Primary_Green-Clearspace-e1719869905447.png\",\"contentUrl\":\"https:\\\/\\\/www.wes.org\\\/wp-content\\\/uploads\\\/2024\\\/07\\\/cropped-cropped-WES_Logo_RGB-Primary_Green-Clearspace-e1719869905447.png\",\"width\":512,\"height\":512,\"caption\":\"World Education Services\"},\"image\":{\"@id\":\"https:\\\/\\\/www.wes.org\\\/fr\\\/#\\\/schema\\\/logo\\\/image\\\/\"},\"sameAs\":[\"https:\\\/\\\/www.facebook.com\\\/WorldEducationServices\\\/\",\"https:\\\/\\\/x.com\\\/WorldEdServices\",\"https:\\\/\\\/www.linkedin.com\\\/company\\\/worldeducationservices\\\/\"]}]}<\/script>\n<!-- \/ Yoast SEO Premium plugin. -->","yoast_head_json":{"title":"Workforce Matters - WES","robots":{"index":"index","follow":"follow","max-snippet":"max-snippet:-1","max-image-preview":"max-image-preview:large","max-video-preview":"max-video-preview:-1"},"canonical":"https:\/\/www.wes.org\/fr\/resource-library\/blog\/fund\/grantee\/workforce-matters\/","og_locale":"fr_FR","og_type":"article","og_title":"Workforce Matters","og_url":"https:\/\/www.wes.org\/fr\/resource-library\/blog\/fund\/grantee\/workforce-matters\/","og_site_name":"WES","article_publisher":"https:\/\/www.facebook.com\/WorldEducationServices\/","twitter_card":"summary_large_image","twitter_site":"@WorldEdServices","schema":{"@context":"https:\/\/schema.org","@graph":[{"@type":"WebPage","@id":"https:\/\/www.wes.org\/fr\/resource-library\/blog\/fund\/grantee\/workforce-matters\/","url":"https:\/\/www.wes.org\/fr\/resource-library\/blog\/fund\/grantee\/workforce-matters\/","name":"Workforce Matters - WES","isPartOf":{"@id":"https:\/\/www.wes.org\/fr\/#website"},"datePublished":"2025-05-01T13:40:53+00:00","breadcrumb":{"@id":"https:\/\/www.wes.org\/fr\/resource-library\/blog\/fund\/grantee\/workforce-matters\/#breadcrumb"},"inLanguage":"fr-FR","potentialAction":[{"@type":"ReadAction","target":["https:\/\/www.wes.org\/fr\/resource-library\/blog\/fund\/grantee\/workforce-matters\/"]}]},{"@type":"BreadcrumbList","@id":"https:\/\/www.wes.org\/fr\/resource-library\/blog\/fund\/grantee\/workforce-matters\/#breadcrumb","itemListElement":[{"@type":"ListItem","position":1,"name":"Home","item":"https:\/\/www.wes.org\/fr\/"},{"@type":"ListItem","position":2,"name":"Workforce Matters"}]},{"@type":"WebSite","@id":"https:\/\/www.wes.org\/fr\/#website","url":"https:\/\/www.wes.org\/fr\/","name":"World Education Services","description":"","publisher":{"@id":"https:\/\/www.wes.org\/fr\/#organization"},"potentialAction":[{"@type":"SearchAction","target":{"@type":"EntryPoint","urlTemplate":"https:\/\/www.wes.org\/fr\/?s={search_term_string}"},"query-input":{"@type":"PropertyValueSpecification","valueRequired":true,"valueName":"search_term_string"}}],"inLanguage":"fr-FR"},{"@type":"Organization","@id":"https:\/\/www.wes.org\/fr\/#organization","name":"World Education Services","url":"https:\/\/www.wes.org\/fr\/","logo":{"@type":"ImageObject","inLanguage":"fr-FR","@id":"https:\/\/www.wes.org\/fr\/#\/schema\/logo\/image\/","url":"https:\/\/www.wes.org\/wp-content\/uploads\/2024\/07\/cropped-cropped-WES_Logo_RGB-Primary_Green-Clearspace-e1719869905447.png","contentUrl":"https:\/\/www.wes.org\/wp-content\/uploads\/2024\/07\/cropped-cropped-WES_Logo_RGB-Primary_Green-Clearspace-e1719869905447.png","width":512,"height":512,"caption":"World Education Services"},"image":{"@id":"https:\/\/www.wes.org\/fr\/#\/schema\/logo\/image\/"},"sameAs":["https:\/\/www.facebook.com\/WorldEducationServices\/","https:\/\/x.com\/WorldEdServices","https:\/\/www.linkedin.com\/company\/worldeducationservices\/"]}]}},"wpml_current_locale":"fr_FR","wpml_translations":[{"locale":"en_US","id":45438,"post_title":"Workforce Matters","href":"https:\/\/www.wes.org\/workforce-matters\/"}],"_links":{"self":[{"href":"https:\/\/www.wes.org\/fr\/wp-json\/wp\/v2\/fund\/49618","targetHints":{"allow":["GET"]}}],"collection":[{"href":"https:\/\/www.wes.org\/fr\/wp-json\/wp\/v2\/fund"}],"about":[{"href":"https:\/\/www.wes.org\/fr\/wp-json\/wp\/v2\/types\/wes_fund_grantees"}],"wp:attachment":[{"href":"https:\/\/www.wes.org\/fr\/wp-json\/wp\/v2\/media?parent=49618"}],"wp:term":[{"taxonomy":"grant_category","embeddable":true,"href":"https:\/\/www.wes.org\/fr\/wp-json\/wp\/v2\/grant_category?post=49618"}],"curies":[{"name":"wp","href":"https:\/\/api.w.org\/{rel}","templated":true}]}}

Massachusetts, États-Unis

<p><strong>Subvention &#8211; Soutien à des projets</strong></p>
<p>Workforce Matters est un réseau national de bailleurs de fonds qui s’appuie sur les connaissances d’experts et de professionnels pour renforcer de manière collaborative la philanthropie en faveur du développement de la main-d’œuvre, afin de permettre aux travailleurs, aux apprenants et aux demandeurs d’emploi de réaliser leur plein potentiel, de démanteler les inégalités fondées sur la race, le sexe, les capacités et d’autres caractéristiques individuelles, et de promouvoir l’égalité en matière d’éducation et d’emploi pour les jeunes et les adultes.</p>
<p>Cette subvention s’inscrit dans le prolongement du premier cycle de subventions du Fonds pour l’équité en matière d’emploi de Workforce Matters en 2022, un fonds commun constitué par diverses organisations philanthropiques afin d’octroyer 1 million de dollars à 15 organisations à travers le pays. Ces organisations ont été sélectionnées pour mener des projets pilotes ou étendre leurs efforts visant à impliquer véritablement les travailleurs et les apprenants issus des minorités ethniques dans la conception et la mise en œuvre de programmes et de politiques en matière de main-d’œuvre. Workforce Matters prévoit d’octroyer une deuxième série de subventions par l’intermédiaire du Fonds pour l’équité en matière d’emploi en 2024.</p>
